{"id":31,"date":"2016-10-23T10:18:50","date_gmt":"2016-10-23T08:18:50","guid":{"rendered":"http:\/\/cdchs06.com\/wordpress\/?page_id=31"},"modified":"2025-11-05T10:36:39","modified_gmt":"2025-11-05T09:36:39","slug":"categories-dage","status":"publish","type":"page","link":"https:\/\/cdchs06.com\/wordpress\/index.php\/categories-dage\/","title":{"rendered":"Cat\u00e9gories d&rsquo;\u00e2ge"},"content":{"rendered":"\n<p><strong>Les Cat\u00e9gories d&rsquo;\u00e2ge 2026<br><\/strong>(valable jusqu&rsquo;au 31\u00a0ao\u00fbt 2026, ces cat\u00e9gories changeront le 1er septembre 2025)<\/p>\n\n\n\n<figure class=\"wp-block-table\"><table class=\"has-fixed-layout\"><tbody><tr><td>CATEGORIE<\/td><td>CODE<\/td><td>ANNEE DE NAISSANCE<\/td><\/tr><tr><td>Masters<\/td><td>MA<\/td><td>1991 et avant<\/td><\/tr><tr><td>Seniors<\/td><td>SE<\/td><td>1992 \u00e0 2003<\/td><\/tr><tr><td>U23 \/ Espoirs<\/td><td>ES<\/td><td>2004 \u00e0 2006<\/td><\/tr><tr><td>U20 \/ Juniors<\/td><td>JU<\/td><td>2007 et 2008<\/td><\/tr><tr><td>U18 \/ Cadets<\/td><td>CA<\/td><td>2009 et 2010<\/td><\/tr><tr><td>U16 \/ Minimes<\/td><td>MI<\/td><td>2011 et 2012<\/td><\/tr><tr><td>U14 \/ Benjamins<\/td><td>BE<\/td><td>2013 et 2014<\/td><\/tr><tr><td>U12 \/ Poussins<\/td><td>PO<\/td><td>2015 et 2016<\/td><\/tr><tr><td>\u00c9veil Athl\u00e9tique<\/td><td>EA<\/td><td>2017 \u00e0 2019<\/td><\/tr><tr><td>Baby Athl\u00e9<\/td><td>BB<\/td><td>2020 et apr\u00e8s<\/td><\/tr><\/tbody><\/table><\/figure>\n\n\n\n<p><strong>D\u00e9tails des cat\u00e9gories Masters<\/strong><\/p>\n\n\n\n<figure class=\"wp-block-table\"><table class=\"has-fixed-layout\"><tbody><tr><td>CATEGORIE<\/td><td>CODE<\/td><td>ANNEE DE NAISSANCE<\/td><\/tr><tr><td>Masters&nbsp;H et F<\/td><td>M0<\/td><td>1991 &#8211; 1987<\/td><\/tr><tr><td>&nbsp;<\/td><td>M1<\/td><td>1986 &#8211; 1982<\/td><\/tr><tr><td>&nbsp;<\/td><td>M2<\/td><td>1981 &#8211; 1977<\/td><\/tr><tr><td>&nbsp;<\/td><td>M3<\/td><td>1976 &#8211; 1972<\/td><\/tr><tr><td>&nbsp;<\/td><td>M4<\/td><td>1971 &#8211; 1967<\/td><\/tr><tr><td>&nbsp;<\/td><td>M5<\/td><td>1966 &#8211; 1962<\/td><\/tr><tr><td>&nbsp;<\/td><td>M6<\/td><td>1961 &#8211; 1957<\/td><\/tr><tr><td>&nbsp;<\/td><td>M7<\/td><td>1956 &#8211; 1952<\/td><\/tr><tr><td>&nbsp;<\/td><td>M8<\/td><td>1951 &#8211; 1947<\/td><\/tr><tr><td>&nbsp;<\/td><td>M9<\/td><td>1946 &#8211; 1942<\/td><\/tr><tr><td>&nbsp;<\/td><td>M10<\/td><td>1941 et avant<\/td><\/tr><\/tbody><\/table><\/figure>\n\n\n\n<p class=\"has-small-font-size\">Source :<a href=\" https:\/\/www.athle.fr\/asp.net\/main.html\/html.aspx?htmlid=25\"> https:\/\/www.athle.fr\/asp.net\/main.html\/html.aspx?htmlid=25<\/a><\/p>\n","protected":false},"excerpt":{"rendered":"<p>Les Cat\u00e9gories d&rsquo;\u00e2ge 2026(valable jusqu&rsquo;au 31\u00a0ao\u00fbt 2026, ces cat\u00e9gories changeront le 1er septembre 2025) CATEGORIE CODE ANNEE DE NAISSANCE Masters MA 1991 et avant Seniors SE 1992 \u00e0 2003 U23 \/ Espoirs ES 2004 \u00e0 2006 U20 \/ Juniors JU 2007 et 2008 U18 \/ Cadets CA 2009 et 2010 U16 \/ Minimes MI 2011 et 2012 U14 \/ Benjamins BE 2013 et 2014 U12 \/ Poussins PO 2015 et&#8230;<\/p>\n","protected":false},"author":1,"featured_media":0,"parent":0,"menu_order":0,"comment_status":"closed","ping_status":"closed","template":"","meta":{"_monsterinsights_skip_tracking":false,"_monsterinsights_sitenote_active":false,"_monsterinsights_sitenote_note":"","_monsterinsights_sitenote_category":0,"footnotes":""},"class_list":["post-31","page","type-page","status-publish","hentry"],"_links":{"self":[{"href":"https:\/\/cdchs06.com\/wordpress\/index.php\/wp-json\/wp\/v2\/pages\/31","targetHints":{"allow":["GET"]}}],"collection":[{"href":"https:\/\/cdchs06.com\/wordpress\/index.php\/wp-json\/wp\/v2\/pages"}],"about":[{"href":"https:\/\/cdchs06.com\/wordpress\/index.php\/wp-json\/wp\/v2\/types\/page"}],"author":[{"embeddable":true,"href":"https:\/\/cdchs06.com\/wordpress\/index.php\/wp-json\/wp\/v2\/users\/1"}],"replies":[{"embeddable":true,"href":"https:\/\/cdchs06.com\/wordpress\/index.php\/wp-json\/wp\/v2\/comments?post=31"}],"version-history":[{"count":12,"href":"https:\/\/cdchs06.com\/wordpress\/index.php\/wp-json\/wp\/v2\/pages\/31\/revisions"}],"predecessor-version":[{"id":1266,"href":"https:\/\/cdchs06.com\/wordpress\/index.php\/wp-json\/wp\/v2\/pages\/31\/revisions\/1266"}],"wp:attachment":[{"href":"https:\/\/cdchs06.com\/wordpress\/index.php\/wp-json\/wp\/v2\/media?parent=31"}],"curies":[{"name":"wp","href":"https:\/\/api.w.org\/{rel}","templated":true}]}}