{"id":18,"date":"2016-10-23T10:11:40","date_gmt":"2016-10-23T08:11:40","guid":{"rendered":"http:\/\/cdchs06.com\/wordpress\/?page_id=18"},"modified":"2019-06-20T19:26:30","modified_gmt":"2019-06-20T17:26:30","slug":"role","status":"publish","type":"page","link":"https:\/\/cdchs06.com\/wordpress\/index.php\/role\/","title":{"rendered":"R\u00f4le"},"content":{"rendered":"<h5>R\u00f4le<\/h5>\n<h4>Commission D\u00e9partementale Running (CDR)<\/h4>\n<p><strong>1.1 D\u00e9finition<\/strong><\/p>\n<p>Dans chaque d\u00e9partement est institu\u00e9e une Commission D\u00e9partementale&nbsp; Running (CDR). Dans les d\u00e9partements d\u2019Outre-mer, une seule Commission assure \u00e0 la fois les fonctions attribu\u00e9es \u00e0 la Commission D\u00e9partementale et \u00e0 la Commission R\u00e9gionale.<\/p>\n<p><strong>1.2 Composition<\/strong><br \/>\nLa CDR se compose<br \/>\n<strong>1.2.1<\/strong> De membres de droit :<br \/>\n\u2022 Le Pr\u00e9sident du Comit\u00e9 D\u00e9partemental FFA, (ou son repr\u00e9sentant) ;<br \/>\n\u2022 un repr\u00e9sentant de chaque organisateur (route, cross-country, montagne et nature) des \u00e9preuves qui se sont d\u00e9roul\u00e9es l\u2019ann\u00e9e pr\u00e9c\u00e9dente ;<br \/>\n<strong>1.2.2<\/strong> de membres invit\u00e9s :<br \/>\n\u2022 Le Directeur D\u00e9partemental de la Coh\u00e9sion Sociale ou son repr\u00e9sentant;<br \/>\n\u2022 un repr\u00e9sentant des autorit\u00e9s militaires, de la Pr\u00e9fecture, de la Gendarmerie ;<br \/>\n\u2022 un repr\u00e9sentant des F\u00e9d\u00e9rations Affinitaires;<br \/>\n\u2022 les organisateurs d\u2019\u00e9preuves nouvelles ;<br \/>\n<strong>1.2.3<\/strong> de personnes qualifi\u00e9es :<br \/>\nLa Commission peut se faire assister de toutes les personnes reconnues pour leur comp\u00e9tence dans le domaine des organisations de Courses p\u00e9destres Hors stade.<\/p>\n<p><strong>1.3 R\u00e9unions<\/strong><br \/>\n<strong>1.3.1<\/strong> La CDR se r\u00e9unit, \u00e0 l\u2019initiative de son Pr\u00e9sident, au moins une fois par an, et ce avant le 1er octobre, l\u2019envoi du calendrier \u00e0 la Commission R\u00e9gionale des Courses Running (CRCR) devant \u00eatre fait avant le 10 octobre. La CDR peut \u00e9galement \u00eatre invit\u00e9e \u00e0 se r\u00e9unir \u00e0 la demande du<br \/>\nPr\u00e9sident d\u2019ATHL\u00c9 06.<br \/>\n<strong>1.3.2<\/strong> Seuls les membres de droit disposent d\u2019une voix lors des votes. Aucun membre de droit ne peut, par d\u00e9l\u00e9gation, disposer de plusieurs voix. Chaque organisateur dispose d\u2019une voix, m\u00eame s\u2019il organise plusieurs \u00e9preuves (route, cross-country, montagne et nature). Il peut se faire repr\u00e9senter par une personne de son Comit\u00e9 d\u2019organisation \u00e0 qui il remet un pouvoir sign\u00e9.<br \/>\n<strong>1.3.3<\/strong> Les proc\u00e8s-verbaux des r\u00e9unions de la CDR, le bilan financier de l\u2019ann\u00e9e \u00e9coul\u00e9e et le budget pr\u00e9visionnel de l\u2019ann\u00e9e suivante devront \u00eatre adress\u00e9s au si\u00e8ge d\u2019ATHL\u00c9 06, \u00e0 la CRCR et \u00e0 la Commission Nationale des Courses Running (CNCR) dans les meilleurs d\u00e9lais.<\/p>\n<p><strong>1.4 Bureau de la Commission<\/strong><br \/>\n<strong>1.4.1<\/strong> Au cours de sa r\u00e9union annuelle qui suit la tenue des Jeux Olympiques, la CDR \u00e9lit son Bureau qui comprend de 4 \u00e0 10 membres au maximum (le nombre est d\u00e9termin\u00e9 par la CDR pr\u00e9alablement \u00e0 l\u2019\u00e9lection). Il est recommand\u00e9 qu\u2019il y ait un repr\u00e9sentant de chaque discipline running (route, cross-country, montagne et nature). Seuls les membres d\u2019un Comit\u00e9 d\u2019organisation d\u2019une course ayant eu lieu l\u2019ann\u00e9e pr\u00e9c\u00e9dente peuvent se pr\u00e9senter.<br \/>\nCette \u00e9lection, \u00e0 bulletin secret, a lieu \u00e0 la majorit\u00e9 absolue des membres de droit pr\u00e9sents ; si n\u00e9cessaire, un 2e tour sera organis\u00e9 et la majorit\u00e9 relative sera suffisante.<br \/>\n<strong>1.4.2<\/strong> Un m\u00e9decin peut \u00eatre coopt\u00e9 par le Bureau de la CDR pour seconder le Pr\u00e9sident dans l\u2019appr\u00e9ciation de la couverture m\u00e9dicale.<br \/>\n<strong>1.4.3<\/strong> Le mandat des membres du Bureau est de quatre ans, sauf s\u2019ils font l\u2019objet d\u2019un vote de d\u00e9fiance. Celui-ci doit \u00eatre obtenu \u00e0 la majorit\u00e9 des 2\/3 du nombre des membres de droit pr\u00e9sents. Les procurations ne sont pas accept\u00e9es pour ce vote. Tout appel \u00e9ventuel, suite \u00e0 l\u2019adoption d\u2019un vote de<br \/>\nd\u00e9fiance, est \u00e0 interjeter aupr\u00e8s d\u2019 06.<br \/>\nUn membre du Bureau qui ne serait plus organisateur de course pendant au moins 2 ans cons\u00e9cutifs perdrait sa qualit\u00e9 de membre du Bureau.<br \/>\n<strong>1.4.4<\/strong> S\u2019il n\u2019est pas \u00e9lu parmi ces quatre \u00e0 dix membres, le Pr\u00e9sident d\u2019ATHL\u00c9 06 si\u00e8ge \u00e8s qualit\u00e9 au Bureau.<br \/>\n<strong>1.4.5<\/strong> Les membres du Bureau votent \u00e0 bulletin secret pour l\u2019attribution des postes (Pr\u00e9sident, Vice pr\u00e9sident(s), Secr\u00e9taire, suivi financier). Le vote est ent\u00e9rin\u00e9 par ATHL\u00c9 06. En cas de litige dans cette d\u00e9signation, l\u2019arbitrage sera effectu\u00e9 par la CSR R\u00e9gionale (tout appel \u00e9ventuel \u00e9tant \u00e0 interjeter aupr\u00e8s de la CNCR puis, si n\u00e9cessaire, au Bureau F\u00e9d\u00e9ral).<br \/>\n<strong>1.4.6<\/strong> S\u2019il n\u2019est pas d\u00e9j\u00e0 licenci\u00e9 FFA, le Pr\u00e9sident de la CDR devra, dans le mois qui suit son \u00e9lection, demander une licence FFA, au titre d\u2019un club.<br \/>\n<strong>1.4.7<\/strong> S\u2019il n\u2019est pas d\u00e9j\u00e0 membre, le Pr\u00e9sident de la CDR est invit\u00e9 \u00e0 assister, avec voix consultative, \u00e0 toutes les r\u00e9unions du Comit\u00e9 Directeur d\u2019ATHL\u00c9 06.<br \/>\n<strong>1.4.8<\/strong> La composition du Bureau et les coordonn\u00e9es (nom, pr\u00e9nom, adresse et num\u00e9ro de t\u00e9l\u00e9phone) doivent \u00eatre transmises, sans d\u00e9lai, \u00e0 ATHL\u00c9 06, \u00e0 la CRCR et \u00e0 la CNCR.<br \/>\n<strong>1.4.9<\/strong> En cas de vacances d\u2019un poste, il doit \u00eatre pourvu au remplacement au cours de la r\u00e9union annuelle suivante.<\/p>\n<p><strong>1.5 Attributions de la Commission D\u00e9partementale<\/strong><br \/>\n<strong>1.5.1<\/strong> Calendrier d\u00e9partemental<br \/>\nLe calendrier d\u00e9partemental (correspondant \u00e0 l\u2019ann\u00e9e civile) doit imp\u00e9rativement \u00eatre \u00e9tabli avant le 1er octobre et transmis pour le 10 octobre dernier d\u00e9lai \u00e0 ATHL\u00c9 06, \u00e0 la CRCR puis, apr\u00e8s validation, au<br \/>\nService comp\u00e9tent de la Pr\u00e9fecture.<br \/>\n<strong>1.5.2<\/strong> Les candidatures aux Courses \u00e0 Label International, National ou R\u00e9gional devront \u00eatre r\u00e9pertori\u00e9es au moment de l\u2019\u00e9tablissement du calendrier. Les courses, auxquelles un label National ou<br \/>\nInternational est accord\u00e9, ou qui sont supports d\u2019un Championnat de France, sont prioritaires lors de l\u2019harmonisation du calendrier par la CRCR.<br \/>\n<strong>1.5.3<\/strong> R\u00e9glementation<br \/>\n\u2022 Le Bureau de la CDR peut demander la d\u00e9signation, par la CRCR, d\u2019un officiel running pour des \u00e9preuves figurant \u00e0 son calendrier.<br \/>\n\u2022 La CDR veille au respect du r\u00e8glement par les organisateurs et les sensibilise \u00e0 la s\u00e9curit\u00e9 des participants et \u00e0 l\u2019am\u00e9lioration de la qualit\u00e9 des Courses.<br \/>\n\u2022 La CDR propose \u00e9ventuellement \u00e0 la CNCR des modifications \u00e0 la r\u00e9glementation Hors stade en vigueur.<br \/>\n<strong>1.5.4<\/strong> Finances<br \/>\n\u2022 Le budget pr\u00e9visionnel est constitu\u00e9, entre autres, par les frais de gestion (frais de dossiers et activit\u00e9s annexes de la CDR) vers\u00e9s par les organisateurs sous contr\u00f4le financier d\u2019 ATHL\u00c9 06. Ce dernier devra ouvrir dans ses comptes une ligne budg\u00e9taire analytique sp\u00e9cifique au Hors stade. Au chapitre des d\u00e9penses, ne sont prises en compte que celles en faveur des courses Hors stade (r\u00e9compenses, challenges, \u00e9quipements, promotion, etc.) ou des d\u00e9penses li\u00e9es au fonctionnement de la CDR.<br \/>\n\u2022 Le Pr\u00e9sident de la CDR g\u00e8re la ligne budg\u00e9taire ainsi cr\u00e9\u00e9e, en lien avec ATHL\u00c9 06. Celui-ci peut, sous l\u2019autorit\u00e9 de son Pr\u00e9sident, ouvrir un compte bancaire s\u00e9par\u00e9 appel\u00e9 CDA-CDR.<\/p>\n<p><strong>1.6 Attributions du Bureau<\/strong><br \/>\n<strong>1.6.1<\/strong> Le Bureau \u00e9tudie les dossiers d\u2019organisation des \u00e9preuves sportives.<br \/>\n<strong>1.6.2<\/strong> Il s\u2019institue, de fait, comme le seul interlocuteur aupr\u00e8s des autorit\u00e9s administratives (Pr\u00e9fecture, DDCS\u2026) avec lesquelles il entretient des contacts tr\u00e8s \u00e9troits (invitation aux r\u00e9unions de la CDR,\u2026).<br \/>\nIl d\u00e9veloppe et soutient les relations avec les m\u00e9dias (presse nationale, r\u00e9gionale et locale, radios,\u2026)<br \/>\n<strong>1.6.3<\/strong> Il d\u00e9l\u00e8gue son Pr\u00e9sident (ou un autre de ses membres) aux r\u00e9unions de la CRCR.<br \/>\n<strong>1.6.4<\/strong> Il informe, si besoin est, les Maires des communes travers\u00e9es par une \u00e9preuve de course sur route et les associations susceptibles d\u2019organiser une telle \u00e9preuve, de l\u2019existence du R\u00e8glement des Courses Running.<br \/>\n<strong>1.6.5<\/strong> Il donne un avis aux instances f\u00e9d\u00e9rales (CRCR et Ligue) sur les candidatures aux \u00e9preuves officielles f\u00e9d\u00e9rales se d\u00e9roulant dans le d\u00e9partement (Championnats, \u00e9preuves qualificatives,\u2026).<br \/>\n<strong>1.6.6<\/strong> Il r\u00e8gle les conflits entre les organisateurs d\u2019\u00e9preuves de ce d\u00e9partement.<br \/>\n<strong>1.6.7<\/strong> Il propose \u00e0 la Commission des Officiels Techniques (COT) R\u00e9gionale des candidatures pour la formation des Officiels Hors stade.<br \/>\n<strong>1.6.8<\/strong> Le cas \u00e9ch\u00e9ant, \u00e0 la demande de la Commission D\u00e9partementale Espaces, Sites et Itin\u00e9raires (CDESI), le Bureau \u00e9mettra un avis concernant toute organisation de Course ou autre manifestation p\u00e9destre ou multisports se d\u00e9roulant en milieu naturel.<\/p>\n<p><strong>1.7<\/strong><br \/>\nLa CDR propose \u00e0 ATHL\u00c9 06 le lieu d\u2019implantation des Championnats D\u00e9partementaux des diff\u00e9rentes sp\u00e9cialit\u00e9s hors stade. Le Championnat D\u00e9partemental de Course sans Label, \u00e0 condition qu\u2019elle soit mesur\u00e9e officiellement.<\/p>\n","protected":false},"excerpt":{"rendered":"<p>R\u00f4le Commission D\u00e9partementale Running (CDR) 1.1 D\u00e9finition Dans chaque d\u00e9partement est institu\u00e9e une Commission D\u00e9partementale&nbsp; Running (CDR). Dans les d\u00e9partements d\u2019Outre-mer, une seule Commission assure \u00e0 la fois les fonctions attribu\u00e9es \u00e0 la Commission D\u00e9partementale et \u00e0 la Commission R\u00e9gionale. 1.2 Composition La CDR se compose 1.2.1 De membres de droit : \u2022 Le Pr\u00e9sident du Comit\u00e9 D\u00e9partemental FFA, (ou son repr\u00e9sentant) ; \u2022 un repr\u00e9sentant de chaque organisateur (route,&#8230;<\/p>\n","protected":false},"author":1,"featured_media":0,"parent":0,"menu_order":0,"comment_status":"closed","ping_status":"closed","template":"","meta":{"_monsterinsights_skip_tracking":false,"_monsterinsights_sitenote_active":false,"_monsterinsights_sitenote_note":"","_monsterinsights_sitenote_category":0,"footnotes":""},"class_list":["post-18","page","type-page","status-publish","hentry"],"_links":{"self":[{"href":"https:\/\/cdchs06.com\/wordpress\/index.php\/wp-json\/wp\/v2\/pages\/18","targetHints":{"allow":["GET"]}}],"collection":[{"href":"https:\/\/cdchs06.com\/wordpress\/index.php\/wp-json\/wp\/v2\/pages"}],"about":[{"href":"https:\/\/cdchs06.com\/wordpress\/index.php\/wp-json\/wp\/v2\/types\/page"}],"author":[{"embeddable":true,"href":"https:\/\/cdchs06.com\/wordpress\/index.php\/wp-json\/wp\/v2\/users\/1"}],"replies":[{"embeddable":true,"href":"https:\/\/cdchs06.com\/wordpress\/index.php\/wp-json\/wp\/v2\/comments?post=18"}],"version-history":[{"count":4,"href":"https:\/\/cdchs06.com\/wordpress\/index.php\/wp-json\/wp\/v2\/pages\/18\/revisions"}],"predecessor-version":[{"id":547,"href":"https:\/\/cdchs06.com\/wordpress\/index.php\/wp-json\/wp\/v2\/pages\/18\/revisions\/547"}],"wp:attachment":[{"href":"https:\/\/cdchs06.com\/wordpress\/index.php\/wp-json\/wp\/v2\/media?parent=18"}],"curies":[{"name":"wp","href":"https:\/\/api.w.org\/{rel}","templated":true}]}}